 What is the highest common divisor of 2 and l?
2
Let z(k) = -k**3 + 5*k**2 + k + 2. Let d be z(5). Let o(c) = 9*c + 14. Let b be o(d). Calculate the greatest common factor of 11 and b.
11
Suppose -5*n + 1 = 3*c - 2*c, 2 = -n. Let u(q) = q**2 - 3*q + 5. Let y be u(-4). Calculate the highest common factor of y and c.
11
Suppose -4*u - 2*s + 4 = 0, 2*s = 4*u - 9*u + 6. Suppose 2*k + 3*r = u*r + 569, 3*k - 3*r = 867. Calculate the greatest common divisor of k and 26.
26
Let k(z) = -4*z**3 - 3*z**2 - 8*z - 9. Let x be k(-4). What is the greatest common factor of x and 21?
21
Let q(v) = -2*v**2 - 13*v + 14. Let w be q(-10). Let t be 10/15 - w/6. Let j be (10/8)/((-1)/(-12)). What is the highest common factor of t and j?
5
Suppose 4*c = c. Let b = 30 - c. What is the highest common factor of 6 and b?
6
Suppose m + 4*m - 7 = -x, -m = 5. Let r be 27/(-12)*x/(-6). Calculate the highest common factor of r and 96.
12
Let c(m) = m**2 - 30*m + 90. Let b be c(28). What is the highest common divisor of b and 153?
17
Suppose 11*f - 1495 + 65 = 0. Calculate the highest common divisor of f and 52.
26
Suppose -3*x = g - 157, 5*g + 0*g = -3*x + 761. Let j = g - 23. Let s = 9 + 7. What is the highest common divisor of s and j?
16
Suppose -139 - 783 = 2*w. Let s = 758 + w. Suppose -3*u = -0*u - s. Calculate the highest common factor of 9 and u.
9
Let s(g) = -g + 93. Let f be s(0). Suppose -4*c = c + 185. Let l = f + c. Calculate the highest common divisor of 8 and l.
8
Let s be (-4)/6 + -8*8/(-6). Let y = -21 - -11. Let v be (-4)/y + 336/s. Calculate the highest common divisor of v and 17.
17
Let b = -1 - -5. What is the greatest common divisor of b and 1?
1
Let s be 1*78/1 + -1. Let a(c) = 2*c - 3. Let h be a(7). What is the greatest common factor of s and h?
11
Suppose k = g - 1, 2*k - 5*k = 3*g - 27. Suppose 309 = g*b + 3*o - 0*o, -134 = -2*b + 4*o. What is the greatest common factor of b and 42?
21
Suppose 3*z - 10 = 2*z. Calculate the greatest common factor of z and 10.
10
Let z = -94 + 127. Calculate the highest common divisor of z and 44.
11
Let j be -2 + (-30)/(-4 + 1). Calculate the highest common factor of 56 and j.
8
Suppose -7*p + 20 = -2*p, 3*p - 87 = -3*o. Let v(c) = 2*c**2 - 6*c + 5. Let k be v(5). Calculate the greatest common factor of o and k.
25
Let y(z) = -z**3 + z**2 - z - 2. Let u be y(-2). Suppose -2*n + 5*l = -0*n - 92, 5*n - 188 = 2*l. Calculate the greatest common factor of u and n.
12
Suppose 1 = -r + 12. Let w = 0 + r. Suppose 31 = 4*a - 233. Calculate the greatest common factor of a and w.
11
Let j(f) = f - 7. Let g be j(7). Suppose 22 = l - g*l. Calculate the highest common divisor of 11 and l.
11
Let l = -12 + 28. Calculate the highest common divisor of l and 112.
16
Suppose 130 + 134 = d. Calculate the greatest common divisor of d and 24.
24
Let g = -21 + 44. What is the highest common factor of 207 and g?
23
Let b be (14/4)/((21/(-14))/(-3)). What is the highest common divisor of 56 and b?
7
Let q(r) = -r**3. Let b be q(1). Let j be (-2)/2*b + -3. Let k be 0 + 6 + -2 + j. What is the greatest common factor of k and 2?
2
Suppose z + 1 = 5. Let i(y) = -y**3 + 8*y**2 + 2*y. Let q be i(8). Suppose 18*n = q*n + 8. What is the highest common divisor of n and z?
4
Suppose -5*d - 143 = -i + 32, -485 = -3*i - 5*d. What is the highest common factor of 66 and i?
33
Let y be (4/10)/((-4)/1080). Let i be 2/11 + y/(-11). Calculate the greatest common divisor of 90 and i.
10
Let s(a) = a**2 - 13*a + 22. Let f be s(14). Calculate the highest common divisor of f and 24.
12
Let l(u) = -5*u + 1. Let c be l(-4). Let w = c - 13. What is the greatest common factor of 32 and w?
8
Suppose -13*a + 432 = -a. Let z = -3 + 7. Calculate the highest common factor of a and z.
4
Let z = 53 + 222. What is the greatest common divisor of z and 55?
55
Let t be -1 + 7 + (-4 - -6). What is the greatest common factor of 24 and t?
8
Let v = -43 + 142. Let j = v - 43. Let w(d) = -d**2 + 8*d + 2. Let l be w(6). Calculate the highest common factor of l and j.
14
Suppose -2*y = 0, -4*m - 3*y = y + 40. Let s(b) = b**3 + 11*b**2 + 10*b + 12. Let u be s(m). Calculate the highest common divisor of u and 30.
6
Suppose -c = -0*c + 1, 0 = -3*s + 2*c + 101. What is the highest common divisor of 3 and s?
3
Let h = -17 + 6. Let j = -7 - h. Suppose 0 = j*l - 3*r - 21 - 20, -2*l - 4*r + 26 = 0. What is the greatest common divisor of l and 99?
11
Suppose 30 = -2*y + 7*y. Suppose -l + y = 1. Suppose -2*h + 3*u = -94, -l*h - 3*u + 258 = u. What is the greatest common factor of h and 20?
10
Let u be 4/18 - 25/(-9). Let z(b) = -b**3 - 6*b**2 - 4*b. Let p be z(-6). Calculate the highest common factor of p and u.
3
Let i be (-214)/(-3) + (-2)/(-3). Let z be -2*2/8*0. Suppose z = -6*o + o + 45. What is the greatest common divisor of o and i?
9
Let h = -4 + 88. What is the highest common divisor of h and 21?
21
Let u(p) = p**3 + 4*p**2 - 11*p + 10. Let z be u(5). Suppose 3*w = 8 + 52. What is the highest common factor of z and w?
20
Let g(n) be the third derivative of -7*n**4/12 + 5*n**3/6 + 2*n**2. Let b be g(-5). Calculate the highest common factor of b and 15.
15
Suppose -4*u + 233 = 5*b - 0*u, 37 = b - 4*u. Suppose -n = -73 - 2. Suppose -3*d - 2*d + n = 0. Calculate the greatest common factor of b and d.
15
Let m = 9 - 7. Suppose k + 10 = -3*z + 2*k, 0 = -2*k + m. Let b be (1 - 19)/z + 2. What is the greatest common factor of 72 and b?
8
Let p = 1 + -7. Let c be (-1)/((p/9)/2). Suppose 2*f + c*f = 60. What is the greatest common divisor of f and 96?
12
Let n = 46 + -30. What is the highest common divisor of n and 144?
16
Let i = -1 - -9. Let c be (56/(-35))/(2/(-5)). Suppose 0*m = -m - t + 16, 3*t - 60 = -c*m. What is the greatest common factor of i and m?
4
Let y be (-2)/6*0 + 6. Let f = -16 + y. Let i be (f/8)/((-1)/8). Calculate the highest common divisor of 110 and i.
10
Suppose -9*r + 4*r = 5, q = 2*r + 475. What is the greatest common divisor of 43 and q?
43
Suppose 5*o - 672 = -p, -2*o + 3*p + 414 = o. Suppose 0*m - o = -3*m. What is the highest common factor of 15 and m?
15
Suppose 5*x = 23 - 8. Let u(j) = 5*j**3 - 3*j**2 + 3*j + 3. Let m be u(x). What is the highest common factor of m and 24?
24
Let u be 3*((-7)/3)/(-1). Let f(l) be the third derivative of l**4/24 + 13*l**3/6 + 8*l**2. Let x be f(-6). Calculate the greatest common divisor of u and x.
7
Let v be 20*3*(-27)/(-12). Calculate the greatest common factor of 27 and v.
27
Let o(n) = n**3 - 6*n**2 - 8*n - 1. Let d be o(8). Suppose 6 + 3 = l. Calculate the greatest common factor of l and d.
9
Suppose -s = -2*a - 86, 0 = 4*s + a - 462 + 145. Suppose 226 = 3*w + 61. Let c = w - 39. What is the greatest common divisor of c and s?
16
Suppose -5*i + 91 = -29. Suppose -4*j - 2*z = -32, 6*j - z - i = 3*j. Let p = 221 - 133. What is the highest common divisor of p and j?
8
Let c be ((-9)/(-18))/((-1)/(-12)). What is the greatest common factor of c and 9?
3
Suppose -3*i - 14 - 4 = 0. Let y be 2/i*495/(-5). Suppose y + 12 = 5*g. Calculate the highest common divisor of g and 63.
9
Suppose 3*a + 2*m = 575, 0 = -2*a - 4*m - 159 + 553. Calculate the highest common divisor of 42 and a.
21
Let c = 210 - 133. Calculate the greatest common divisor of c and 7.
7
Suppose 3*b - 47 = -4*v + 4*b, 9 = -3*b. Let r be (-12)/(-3) - -17*3. Calculate the greatest common factor of r and v.
11
Suppose -3 + 13 = 2*n, n - 20 = -3*y. Suppose -2*z = -2*a + 38, -3*z - 85 = -4*a - 8. What is the highest common divisor of y and a?
5
Let p(a) = -11*a**2 - 21*a - 13. Let f(i) = 7*i**2 + 14*i + 9. Let k(d) = 8*f(d) + 5*p(d). Let w be k(-6). What is the greatest common factor of 3 and w?
1
Let m = -99 - -211. Let t = 176 - m. What is the greatest common factor of 8 and t?
8
Let x be (1 - -2) + 2 + 17. What is the highest common factor of 198 and x?
22
Let j be (-7*1 + 1)*-2. Let v be 8/(-12) + 1740/18. What is the highest common divisor of j and v?
12
Let k be 10 - -1 - 4/2. Let o = 0 + 1. Let m be 2/(-1) + 74/o. Calculate the highest common divisor of k and m.
9
Suppose 4*g + 16 = 2*b, 44 = 2*b + 5*g - 2*g. Suppose 4 = -3*v + 16. Calculate the highest common factor of v and b.
4
Let f = -1 + 3. Suppose 237 = 5*w - 3*j, -2*w = f*j + 2*j - 74. Calculate the greate